{"id":7374,"date":"2025-12-18T14:51:44","date_gmt":"2025-12-18T13:51:44","guid":{"rendered":"https:\/\/bruettelenbad.ch\/?page_id=7374"},"modified":"2026-01-14T13:10:35","modified_gmt":"2026-01-14T12:10:35","slug":"aushilfen-50-80","status":"publish","type":"page","link":"https:\/\/bruettelenbad.ch\/ed\/aushilfen-50-80\/","title":{"rendered":"Aushilfen 50-80%"},"content":{"rendered":"<p class=\"qtranxs-available-languages-message qtranxs-available-languages-message-ed\">Diesen Eintrag gibt es nur in normaler Sprache.<\/p><p>Die Stiftung Br\u00fcttelenbad bietet betreute Wohn- und Arbeitspl\u00e4tze an f\u00fcr rund 60 Menschen mit kognitiven und mehrfachen Beeintr\u00e4chtigungen. 100 Fachpersonen k\u00fcmmern sich um ihr Wohl mit dem Ziel ihnen Lebensfreude und Geborgenheit in der Gemeinschaft zu erm\u00f6glichen. Liebst du den Umgang mit Menschen und m\u00f6chtest beitragen zur Lebensqualit\u00e4t der Klient:innen des Br\u00fcttelenbads?<\/p>\n<p>Zur Unterst\u00fctzung von verschiedenen Wohngruppen mit 5\u20138 Bewohner: innen suchen wir per sofort oder nach Vereinbarung<\/p>\n<p><strong>\u00a0 \u00a0 \u00a0 \u00a0 \u00a0 \u00a0 \u00a0 \u00a0 \u00a0 \u00a0 \u00a0 \u00a0 \u00a0 \u00a0 \u00a0 \u00a0 \u00a0 \u00a0 \u00a0 \u00a0 \u00a0 \u00a0 \u00a0 \u00a0 \u00a0 \u00a0 \u00a0 \u00a0 \u00a0Aushilfen 50-80%<\/strong><\/p>\n<p>Das machst du:<\/p>\n<ul>\n<li>Betreuung der Klient:innen im Wohngruppenalltag mit agogischen, pflegerischen und administrativen Aufgaben<\/li>\n<li>Gestaltung des Alltags<\/li>\n<li>Erhalten der Eigenst\u00e4ndigkeit<\/li>\n<li>Hauswirtschaftliche Arbeiten<\/li>\n<\/ul>\n<p>Das bringst du mit:<\/p>\n<ul>\n<li>Erfahrung in der Betreuung von Menschen mit einer kognitiven Beeintr\u00e4chtigung<\/li>\n<li>Idealerweise Kenntnisse in der Pflege<\/li>\n<li>Flexibilit\u00e4t bez\u00fcglich Arbeitseins\u00e4tzen und Bereitschaft unregelm\u00e4ssige Arbeitszeiten, Abend-, Nacht- und Wochenenddienste zu leisten<\/li>\n<li>Freude am selbst\u00e4ndigen Arbeiten (Dienste alleine)<\/li>\n<li>F\u00fchrerausweis Kategorie B zwingend<\/li>\n<\/ul>\n<p>Das bieten wir dir:<\/p>\n<ul>\n<li>Abwechslungsreiche Arbeit in engagierten Teams und Teilnahme an Teamsitzungen<\/li>\n<li>Fundierte Einarbeitung<\/li>\n<li>Attraktive Anstellungsbedingungen in Anlehnung an die kantonalen Richtlinien, 5 Wochen Ferien<\/li>\n<li>Keine geteilten Dienste<\/li>\n<li>Kostenloser Parkplatz<\/li>\n<li>Interne und externe Weiterbildungen<\/li>\n<li>Betriebliche Sozialberatung f\u00fcr das Wohlergehen der Mitarbeitenden<\/li>\n<\/ul>\n<p>M\u00f6chtest du die Herausforderung annehmen? Dann freuen wir uns darauf, dich kennen zu lernen.<\/p>\n<p>F\u00fcr weitere Ausk\u00fcnfte steht dir Stephan Baumann, Institutionsleiter, unter 032 321 38 01 oder Ilzana Baftijari, Personal, unter 032 321 38 00 gerne zur Verf\u00fcgung.<\/p>\n<p>Deine vollst\u00e4ndigen Bewerbungsunterlagen sende bitte an: <a href=\"&#x6d;&#x61;&#x69;&#x6c;&#x74;&#x6f;&#x3a;&#x70;&#x65;&#x72;&#x73;&#111;&#110;&#97;&#108;&#64;&#98;&#114;uettel&#x65;&#x6e;&#x62;&#x61;&#x64;&#x2e;&#x63;&#x68;\">&#x70;&#101;&#114;s&#x6f;&#x6e;&#97;l&#x40;&#x62;&#114;ue&#x74;&#116;&#101;l&#x65;&#x6e;&#98;a&#x64;&#x2e;&#99;&#104;<\/a><\/p>\n<h5>Schnellbewerbung:<\/h5>\n<p>\n<div class=\"wpcf7 no-js\" id=\"wpcf7-f6576-o1\" lang=\"de-DE\" dir=\"ltr\" data-wpcf7-id=\"6576\">\n<div class=\"screen-reader-response\"><p role=\"status\" aria-live=\"polite\" aria-atomic=\"true\"><\/p> <ul><\/ul><\/div>\n<form action=\"\/ed\/wp-json\/wp\/v2\/pages\/7374#wpcf7-f6576-o1\" method=\"post\" class=\"wpcf7-form init\" aria-label=\"Kontaktformular\" enctype=\"multipart\/form-data\" novalidate=\"novalidate\" data-status=\"init\">\n<fieldset class=\"hidden-fields-container\"><input type=\"hidden\" name=\"_wpcf7\" value=\"6576\" \/><input type=\"hidden\" name=\"_wpcf7_version\" value=\"6.1.5\" \/><input type=\"hidden\" name=\"_wpcf7_locale\" value=\"de_DE\" \/><input type=\"hidden\" name=\"_wpcf7_unit_tag\" value=\"wpcf7-f6576-o1\" \/><input type=\"hidden\" name=\"_wpcf7_container_post\" value=\"0\" \/><input type=\"hidden\" name=\"_wpcf7_posted_data_hash\" value=\"\" \/>\n<\/fieldset>\n<div class=\"input-wrapper\">\n<div id=\"scroll-to-form\"><\/div>\n<span class=\"wpcf7-form-control-wrap\" data-name=\"stelle-name\"><input size=\"40\" maxlength=\"400\" class=\"wpcf7-form-control wpcf7-text wpcf7-validates-as-required\" aria-required=\"true\" aria-invalid=\"false\" placeholder=\"Vollst\u00e4ndiger Name*\" value=\"\" type=\"text\" name=\"stelle-name\" \/><\/span>\n\n<span class=\"wpcf7-form-control-wrap\" data-name=\"stelle-email\"><input size=\"40\" maxlength=\"400\" class=\"wpcf7-form-control wpcf7-email wpcf7-validates-as-required wpcf7-text wpcf7-validates-as-email\" aria-required=\"true\" aria-invalid=\"false\" placeholder=\"E-Mail Adresse*\" value=\"\" type=\"email\" name=\"stelle-email\" \/><\/span>\n\n<span class=\"wpcf7-form-control-wrap\" data-name=\"stelle-telefon\"><input size=\"40\" maxlength=\"400\" class=\"wpcf7-form-control wpcf7-tel wpcf7-text wpcf7-validates-as-tel\" aria-invalid=\"false\" placeholder=\"Telefonnummer\" value=\"\" type=\"tel\" name=\"stelle-telefon\" \/><\/span>\n\n<br>\nCV Hochladen (PDF, max 2MB)\n<span class=\"wpcf7-form-control-wrap\" data-name=\"stellen-cv\"><input size=\"40\" class=\"wpcf7-form-control wpcf7-file\" accept=\"image\/*,.txt,application\/pdf\" aria-invalid=\"false\" type=\"file\" name=\"stellen-cv\" \/><\/span>\n\n<span class=\"wpcf7-form-control-wrap\" data-name=\"stellen-form\"><input size=\"40\" maxlength=\"400\" class=\"wpcf7-form-control wpcf7-text stellen-form\" aria-invalid=\"false\" value=\"\" type=\"text\" name=\"stellen-form\" \/><\/span>\n\n\n<input class=\"wpcf7-form-control wpcf7-submit has-spinner\" type=\"submit\" value=\"Senden\" \/>\n<\/div><div class=\"wpcf7-response-output\" aria-hidden=\"true\"><\/div>\n<\/form>\n<\/div>\n<\/p>","protected":false},"excerpt":{"rendered":"<p>Diesen Eintrag gibt es nur in normaler Sprache.Die Stiftung Br\u00fcttelenbad bietet betreute Wohn- und Arbeitspl\u00e4tze an f\u00fcr rund 60 Menschen mit kognitiven und mehrfachen Beeintr\u00e4chtigungen. 100 Fachpersonen k\u00fcmmern sich um ihr Wohl mit dem Ziel ihnen Lebensfreude und Geborgenheit in der Gemeinschaft zu erm\u00f6glichen. Liebst du den Umgang mit Menschen und m\u00f6chtest beitragen zur Lebensqualit\u00e4t [&hellip;]<\/p>\n","protected":false},"author":6,"featured_media":0,"parent":0,"menu_order":0,"comment_status":"closed","ping_status":"closed","template":"","meta":{"footnotes":""},"class_list":["post-7374","page","type-page","status-publish","hentry"],"acf":[],"_links":{"self":[{"href":"https:\/\/bruettelenbad.ch\/ed\/wp-json\/wp\/v2\/pages\/7374","targetHints":{"allow":["GET"]}}],"collection":[{"href":"https:\/\/bruettelenbad.ch\/ed\/wp-json\/wp\/v2\/pages"}],"about":[{"href":"https:\/\/bruettelenbad.ch\/ed\/wp-json\/wp\/v2\/types\/page"}],"author":[{"embeddable":true,"href":"https:\/\/bruettelenbad.ch\/ed\/wp-json\/wp\/v2\/users\/6"}],"replies":[{"embeddable":true,"href":"https:\/\/bruettelenbad.ch\/ed\/wp-json\/wp\/v2\/comments?post=7374"}],"version-history":[{"count":3,"href":"https:\/\/bruettelenbad.ch\/ed\/wp-json\/wp\/v2\/pages\/7374\/revisions"}],"predecessor-version":[{"id":7430,"href":"https:\/\/bruettelenbad.ch\/ed\/wp-json\/wp\/v2\/pages\/7374\/revisions\/7430"}],"wp:attachment":[{"href":"https:\/\/bruettelenbad.ch\/ed\/wp-json\/wp\/v2\/media?parent=7374"}],"curies":[{"name":"wp","href":"https:\/\/api.w.org\/{rel}","templated":true}]}}

<p class="qtranxs-available-languages-message qtranxs-available-languages-message-ed">Diesen Eintrag gibt es nur in normaler Sprache.</p><p>Die Stiftung Brüttelenbad bietet betreute Wohn- und Arbeitsplätze an für rund 60 Menschen mit kognitiven und mehrfachen Beeinträchtigungen. 100 Fachpersonen kümmern sich um ihr Wohl mit dem Ziel ihnen Lebensfreude und Geborgenheit in der Gemeinschaft zu ermöglichen. Liebst du den Umgang mit Menschen und möchtest beitragen zur Lebensqualität der Klient:innen des Brüttelenbads?</p>
<p>Zur Unterstützung von verschiedenen Wohngruppen mit 5–8 Bewohner: innen suchen wir per sofort oder nach Vereinbarung</p>
<p><strong>                                                         Aushilfen 50-80%</strong></p>
<p>Das machst du:</p>
<ul>
<li>Betreuung der Klient:innen im Wohngruppenalltag mit agogischen, pflegerischen und administrativen Aufgaben</li>
<li>Gestaltung des Alltags</li>
<li>Erhalten der Eigenständigkeit</li>
<li>Hauswirtschaftliche Arbeiten</li>
</ul>
<p>Das bringst du mit:</p>
<ul>
<li>Erfahrung in der Betreuung von Menschen mit einer kognitiven Beeinträchtigung</li>
<li>Idealerweise Kenntnisse in der Pflege</li>
<li>Flexibilität bezüglich Arbeitseinsätzen und Bereitschaft unregelmässige Arbeitszeiten, Abend-, Nacht- und Wochenenddienste zu leisten</li>
<li>Freude am selbständigen Arbeiten (Dienste alleine)</li>
<li>Führerausweis Kategorie B zwingend</li>
</ul>
<p>Das bieten wir dir:</p>
<ul>
<li>Abwechslungsreiche Arbeit in engagierten Teams und Teilnahme an Teamsitzungen</li>
<li>Fundierte Einarbeitung</li>
<li>Attraktive Anstellungsbedingungen in Anlehnung an die kantonalen Richtlinien, 5 Wochen Ferien</li>
<li>Keine geteilten Dienste</li>
<li>Kostenloser Parkplatz</li>
<li>Interne und externe Weiterbildungen</li>
<li>Betriebliche Sozialberatung für das Wohlergehen der Mitarbeitenden</li>
</ul>
<p>Möchtest du die Herausforderung annehmen? Dann freuen wir uns darauf, dich kennen zu lernen.</p>
<p>Für weitere Auskünfte steht dir Stephan Baumann, Institutionsleiter, unter 032 321 38 01 oder Ilzana Baftijari, Personal, unter 032 321 38 00 gerne zur Verfügung.</p>
<p>Deine vollständigen Bewerbungsunterlagen sende bitte an: <a href="&#x6d;&#x61;&#x69;&#x6c;&#x74;&#x6f;&#x3a;&#x70;&#x65;&#x72;&#x73;&#111;&#110;&#97;&#108;&#64;&#98;&#114;uettel&#x65;&#x6e;&#x62;&#x61;&#x64;&#x2e;&#x63;&#x68;">&#x70;&#101;&#114;s&#x6f;&#x6e;&#97;l&#x40;&#x62;&#114;ue&#x74;&#116;&#101;l&#x65;&#x6e;&#98;a&#x64;&#x2e;&#99;&#104;</a></p>
<h5>Schnellbewerbung:</h5>
<p>
<div class="wpcf7 no-js" id="wpcf7-f6576-o1" lang="de-DE" dir="ltr" data-wpcf7-id="6576">
<div class="screen-reader-response"><p role="status" aria-live="polite" aria-atomic="true"></p> <ul></ul></div>
<form action="/ed/wp-json/wp/v2/pages/7374#wpcf7-f6576-o1" method="post" class="wpcf7-form init" aria-label="Kontaktformular" enctype="multipart/form-data" novalidate="novalidate" data-status="init">
<fieldset class="hidden-fields-container"><input type="hidden" name="_wpcf7" value="6576" /><input type="hidden" name="_wpcf7_version" value="6.1.5" /><input type="hidden" name="_wpcf7_locale" value="de_DE" /><input type="hidden" name="_wpcf7_unit_tag" value="wpcf7-f6576-o1" /><input type="hidden" name="_wpcf7_container_post" value="0" /><input type="hidden" name="_wpcf7_posted_data_hash" value="" />
</fieldset>
<div class="input-wrapper">
<div id="scroll-to-form"></div>
<span class="wpcf7-form-control-wrap" data-name="stelle-name"><input size="40" maxlength="400" class="wpcf7-form-control wpcf7-text wpcf7-validates-as-required" aria-required="true" aria-invalid="false" placeholder="Vollständiger Name*" value="" type="text" name="stelle-name" /></span>

<span class="wpcf7-form-control-wrap" data-name="stelle-email"><input size="40" maxlength="400" class="wpcf7-form-control wpcf7-email wpcf7-validates-as-required wpcf7-text wpcf7-validates-as-email" aria-required="true" aria-invalid="false" placeholder="E-Mail Adresse*" value="" type="email" name="stelle-email" /></span>

<span class="wpcf7-form-control-wrap" data-name="stelle-telefon"><input size="40" maxlength="400" class="wpcf7-form-control wpcf7-tel wpcf7-text wpcf7-validates-as-tel" aria-invalid="false" placeholder="Telefonnummer" value="" type="tel" name="stelle-telefon" /></span>

<br>
CV Hochladen (PDF, max 2MB)
<span class="wpcf7-form-control-wrap" data-name="stellen-cv"><input size="40" class="wpcf7-form-control wpcf7-file" accept="image/*,.txt,application/pdf" aria-invalid="false" type="file" name="stellen-cv" /></span>

<span class="wpcf7-form-control-wrap" data-name="stellen-form"><input size="40" maxlength="400" class="wpcf7-form-control wpcf7-text stellen-form" aria-invalid="false" value="" type="text" name="stellen-form" /></span>


<input class="wpcf7-form-control wpcf7-submit has-spinner" type="submit" value="Senden" />
</div><div class="wpcf7-response-output" aria-hidden="true"></div>
</form>
</div>
</p>

<p>Diesen Eintrag gibt es nur in normaler Sprache.Die Stiftung Brüttelenbad bietet betreute Wohn- und Arbeitsplätze an für rund 60 Menschen mit kognitiven und mehrfachen Beeinträchtigungen. 100 Fachpersonen kümmern sich um ihr Wohl mit dem Ziel ihnen Lebensfreude und Geborgenheit in der Gemeinschaft zu ermöglichen. Liebst du den Umgang mit Menschen und möchtest beitragen zur Lebensqualität [&hellip;]</p>
